ainder when 3159 is divided by 31.
28
Calculate the remainder when 124 is divided by 7.
5
Calculate the remainder when 1446 is divided by 29.
25
Calculate the remainder when 178 is divided by 106.
72
What is the remainder when 2022 is divided by 22?
20
Calculate the remainder when 321 is divided by 179.
142
What is the remainder when 52 is divided by 18?
16
What is the remainder when 71 is divided by 26?
19
Calculate the remainder when 4029 is divided by 112.
109
Calculate the remainder when 105 is divided by 56.
49
Calculate the remainder when 126 is divided by 26.
22
Calculate the remainder when 2648 is divided by 78.
74
Calculate the remainder when 46 is divided by 33.
13
Calculate the remainder when 1600 is divided by 88.
16
Calculate the remainder when 301 is divided by 99.
4
What is the remainder when 508 is divided by 243?
22
Calculate the remainder when 69 is divided by 37.
32
What is the remainder when 86 is divided by 64?
22
What is the remainder when 347 is divided by 14?
11
What is the remainder when 3501 is divided by 17?
16
What is the remainder when 2328 is divided by 111?
108
Calculate the remainder when 281 is divided by 26.
21
What is the remainder when 5584 is divided by 98?
96
Calculate the remainder when 557 is divided by 93.
92
What is the remainder when 3626 is divided by 158?
150
What is the remainder when 582 is divided by 177?
51
Calculate the remainder when 524 is divided by 92.
64
What is the remainder when 101 is divided by 73?
28
Calculate the remainder when 108 is divided by 54.
0
Calculate the remainder when 93 is divided by 20.
13
What is the remainder when 19 is divided by 6?
1
What is the remainder when 707 is divided by 177?
176
Calculate the remainder when 87 is divided by 38.
11
What is the remainder when 302 is divided by 16?
14
Calculate the remainder when 2338 is divided by 5.
3
Calculate the remainder when 3187 is divided by 152.
147
What is the remainder when 325 is divided by 27?
1
What is the remainder when 1277 is divided by 128?
125
Calculate the remainder when 320 is divided by 19.
16
Calculate the remainder when 447 is divided by 42.
27
What is the remainder when 215 is divided by 31?
29
Calculate the remainder when 358 is divided by 31.
17
What is the remainder when 455 is divided by 164?
127
What is the remainder when 112 is divided by 59?
53
Calculate the remainder when 95 is divided by 36.
23
Calculate the remainder when 220 is divided by 68.
16
What is the remainder when 1454 is divided by 484?
2
Calculate the remainder when 2063 is divided by 7.
5
Calculate the remainder when 952 is divided by 31.
22
What is the remainder when 623 is divided by 6?
5
Calculate the remainder when 1032 is divided by 129.
0
What is the remainder when 1220 is divided by 12?
8
What is the remainder when 825 is divided by 69?
66
What is the remainder when 1899 is divided by 931?
37
What is the remainder when 312 is divided by 21?
18
What is the remainder when 3006 is divided by 64?
62
Calculate the remainder when 1988 is divided by 487.
40
What is the remainder when 162 is divided by 84?
78
What is the remainder when 161 is divided by 15?
11
What is the remainder when 1002 is divided by 91?
1
Calculate the remainder when 3980 is divided by 166.
162
What is the remainder when 21 is divided by 4?
1
What is the remainder when 934 is divided by 24?
22
Calculate the remainder when 50 is divided by 13.
11
What is the remainder when 26 is divided by 5?
1
What is the remainder when 2545 is divided by 195?
10
What is the remainder when 173 is divided by 84?
5
Calculate the remainder when 476 is divided by 117.
8
Calculate the remainder when 397 is divided by 7.
5
What is the remainder when 268 is divided by 89?
1
What is the remainder when 199 is divided by 7?
3
What is the remainder when 111 is divided by 28?
27
Calculate the remainder when 3129 is divided by 8.
1
What is the remainder when 148 is divided by 127?
21
Calculate the remainder when 3767 is divided by 3.
2
What is the remainder when 247 is divided by 140?
107
Calculate the remainder when 94 is divided by 67.
27
Calculate the remainder when 148 is divided by 24.
4
Calculate the remainder when 276 is divided by 2.
0
What is the remainder when 901 is divided by 129?
127
What is the remainder when 1338 is divided by 286?
194
What is the remainder when 775 is divided by 51?
10
What is the remainder when 6220 is divided by 127?
124
Calculate the remainder when 425 is divided by 202.
21
What is the remainder when 25894 is divided by 5?
4
What is the remainder when 715 is divided by 180?
175
Calculate the remainder when 1700 is divided by 189.
188
What is the remainder when 1778 is divided by 270?
158
What is the remainder when 1140 is divided by 13?
9
What is the remainder when 1979 is divided by 60?
59
What is the remainder when 74 is divided by 54?
20
Calculate the remainder when 1509 is divided by 27.
24
Calculate the remainder when 87 is divided by 75.
12
What is the remainder when 180 is divided by 45?
0
Calculate the remainder when 11182 is divided by 211.
210
What is the remainder when 1437 is divided by 24?
21
What is the remainder when 338 is divided by 171?
167
What is the remainder when 1254 is divided by 158?
148
Calculate the remainder when 998 is divided by 40.
38
Calculate the remainder when 1884 is divided by 325.
259
What is the remainder when 12149 is divided by 162?
161
What is the remainder when 433 is divided by 56?
41
Calculate the remainder when 411 is divided by 66.
15
What is the remainder when 32694 is divided by 13?
12
What is the remainder when 281 is divided by 21?
8
Calculate the remainder when 204 is divided by 16.
12
What is the remainder when 628 is divided by 21?
19
What is the remainder when 140 is divided by 40?
20
What is the remainder when 20 is divided by 3?
2
What is the remainder when 171 is divided by 102?
69
Calculate the remainder when 2675 is divided by 1329.
17
Calculate the remainder when 80 is divided by 43.
37
Calculate the remainder when 85 is divided by 10.
5
Calculate the remainder when 327 is divided by 7.
5
Calculate the remainder when 847 is divided by 16.
15
What is the remainder when 3819 is divided by 3808?
11
Calculate the remainder when 533 is divided by 216.
101
Calculate the remainder when 173 is divided by 28.
5
Calculate the remainder when 809 is divided by 27.
26
Calculate the remainder when 110 is divided by 31.
17
What is the remainder when 688 is divided by 23?
21
What is the remainder when 42 is divided by 16?
10
What is the remainder when 431 is divided by 42?
11
What is the remainder when 523 is divided by 21?
19
Calculate the remainder when 161 is divided by 45.
26
What is the remainder when 661 is divided by 37?
32
Calculate the remainder when 181 is divided by 163.
18
What is the remainder when 476 is divided by 153?
17
Calculate the remainder when 3892 is divided by 94.
38
What is the remainder when 84 is divided by 12?
0
Calculate the remainder when 1402 is divided by 177.
163
What is the remainder when 2620 is divided by 21?
16
Calculate the remainder when 167 is divided by 50.
17
Calculate the remainder when 19074 is divided by 38.
36
What is the remainder when 223 is divided by 68?
19
What is the remainder when 336 is divided by 17?
13
Calculate the remainder when 3697 is divided by 14.
1
What is the remainder when 83 is divided by 36?
11
What is the remainder when 141 is divided by 48?
45
What is the remainder when 260 is divided by 84?
8
What is the remainder when 622 is divided by 12?
10
What is the remainder when 486 is divided by 140?
66
Calculate the remainder when 539 is divided by 30.
29
What is the remainder when 317 is divided by 103?
8
What is the remainder when 1529 is divided by 215?
24
What is the remainder when 17277 is divided by 27?
24
What is the remainder when 5348 is divided by 107?
105
What is the remainder when 513 is divided by 175?
163
What is the remainder when 186 is divided by 66?
54
What is the remainder when 2776 is divided by 107?
101
Calculate the remainder when 54 is divided by 11.
10
Calculate the remainder when 146 is divided by 81.
65
Calculate the remainder when 269 is divided by 8.
5
What is the remainder when 230 is divided by 18?
14
Calculate th